= -d**3 + 13*d**2 - d + 2*d**2 - 13 + 2*d**3. Let z be y(-15). Let r be z + (38 - (3 + -5)). Calculate the greatest common factor of 6 and r.
6
Suppose -3*a - a = 5*y - 95, -a = 2*y - 26. Let c be (-72)/(-6)*4/3. Suppose s = -4*r + 2*r + c, -2*s = 5*r - 42. What is the highest common divisor of a and r?
10
Let c(w) = -30*w - 53. Let n be c(-9). What is the highest common factor of n and 14?
7
Let p(t) = t**3 - 7*t**2 + 4*t + 4. Let x be 9/(-5)*(-200)/60. Let b be p(x). Let m be (0 - -35) + 24/b. What is the highest common divisor of m and 8?
8
Suppose 3*n - 93 = -f, 8 = -4*f - 4. Let s = -15 + n. Calculate the greatest common divisor of 187 and s.
17
Let j(f) = 15*f - 96. Let r be j(8). Calculate the highest common divisor of 64 and r.
8
Let j be 1 - -111 - (18 + (8 - 24)). Calculate the greatest common factor of 4510 and j.
110
Let s(i) = -i**3 - 6*i**2 + 11*i - 5. Let w be s(-10). Calculate the greatest common divisor of w and 342.
57
Let f be (-8)/(-2)*(27 - (-12)/3). Let j = f + -112. What is the greatest common divisor of j and 8?
4
Let v = 1904 + -1838. Calculate the highest common factor of v and 1188.
66
Let d(m) = 33*m - 50. Let f be d(2). What is the highest common factor of f and 20?
4
Let q = 6 - -49. Suppose -365 - q = -5*k. Calculate the highest common factor of k and 21.
21
Let a be (1/(-5))/(7/(-35)) + 3. Suppose -a*s + 74 = -2*y, -4*y - 7 = 13. What is the highest common divisor of s and 8?
8
Suppose -v - 4 = -13. Let u(k) = -k**2 - 28*k - 93. Let r be u(-12). What is the greatest common factor of v and r?
9
Let h(f) = f**2 - 2*f - 28. Let p be h(0). Let i be 4/(-6) + p/(-6). Suppose -i*b = -b - 81. What is the greatest common factor of b and 18?
9
Let x = -293 - -1400. What is the highest common divisor of 41 and x?
41
Suppose 3*x = 2*x - 47. Let y = x + 89. Calculate the highest common factor of 14 and y.
14
Let x(q) = -q**3 + 2*q**2 + 11*q + 18. Let j be x(-2). Calculate the highest common factor of j and 32.
4
Let u(o) = -2*o + 8. Let g be u(-2). Suppose -6*d - 72 = -g*d. Calculate the greatest common divisor of d and 12.
12
Let m = -151 - -155. Calculate the highest common factor of m and 12.
4
Let z(s) = 4*s**3 + 5*s**2 + s - 3. Let r(g) = 3*g**3 + 5*g**2 - 2. Let k(c) = 5*r(c) - 4*z(c). Let h be k(3). What is the greatest common factor of 64 and h?
8
Let n be 2*(-1)/(-14) - (-48)/56. Calculate the highest common factor of 19 and n.
1
Let c(m) = 2*m - 3. Let d be c(3). Let o be 9/d + 72/((-16)/(-4)). What is the greatest common divisor of 63 and o?
21
Suppose -11*f + 21970 + 3968 = 0. Calculate the greatest common divisor of 9 and f.
9
Let d be 96/16*(-210)/4. Let j be d/18*(-64)/10. What is the greatest common factor of j and 28?
28
Let f be (-4)/((10/3 - 3)*-6). Let y be 3/3*2 + f. Calculate the highest common factor of y and 1.
1
Let x(f) = f**3 + f + 3. Let v be x(0). Let q(o) = 3*o**2 + o + 2. Let r be q(-2). Calculate the highest common factor of v and r.
3
Suppose -3*b - 10 = 3*p - 52, 4*b - 2 = -p. What is the highest common factor of 27 and p?
9
Let p(g) = g**3 + 6*g**2 - 17*g + 36. Let t be p(-8). Suppose 10 - 2 = 2*r. What is the greatest common factor of t and r?
4
Suppose -2*h + 2*l = -54, -h = -3*h + l + 57. What is the greatest common divisor of h and 270?
30
Let b(s) = 56*s**2 - 2*s - 1. Let x be b(-1). Suppose 2*o + x + 91 = 0. Let y = o - -112. Calculate the greatest common divisor of 95 and y.
19
Let u = 515 + -511. What is the greatest common factor of u and 484?
4
Let p = -76 + 103. Let b = -9 - -18. What is the greatest common factor of b and p?
9
Let g(n) = n**3 + 11*n**2 - 54. Let b be g(-9). Calculate the highest common divisor of 702 and b.
54
Let f(d) = 4*d**2 - 2*d + 1. Let l be f(2). Let h be -6 - ((5 - 100) + 2 + -4). Calculate the highest common divisor of h and l.
13
Let z = 2167 + -2165. What is the highest common factor of 148 and z?
2
Let b be 596/10 + 32/80. Let a be 214/10 - 24/b. What is the greatest common divisor of 7 and a?
7
Suppose -3*h + 759 = -o, 0 = 3*h + 9*o - 4*o - 759. Calculate the highest common divisor of 23 and h.
23
Suppose -4*t + 5*t = 0. Let o = t - -22. Suppose 7 = -3*p + o. Calculate the highest common factor of p and 25.
5
Suppose -4*q + 12 = -8. Suppose 5*d = 2*a - 7, -4 = -4*a + q*a - 4*d. What is the greatest common factor of 2 and a?
2
Let r(i) = 3*i**2 - 2*i + 1. Let y be r(1). Let v be y/4 - 78/12. Let n(q) = q**2 + 2*q - 12. Let f be n(v). Calculate the highest common factor of 12 and f.
12
Let v be 4/(-24)*-3 + (-510)/(-60). Calculate the highest common factor of v and 60.
3
Suppose 0*z + 4*l - 80 = -2*z, 2*z + 3*l - 81 = 0. Let s = -3934 + 3997. What is the greatest common factor of z and s?
21
Suppose 29 - 33 = 2*x. Let j(v) = -19*v + 3. Let i be j(x). Let c be 1*163 + -3 + 4. What is the greatest common factor of c and i?
41
Suppose -89*x + 96*x = 1400. What is the highest common factor of 10 and x?
10
Suppose -1348 = -4*y - 4*l, 3*y = -y + 2*l + 1342. Calculate the highest common factor of 42 and y.
42
Let o be (0 - 2) + 1 + 16. Let y = 508 - 228. Let l be 9/(-2)*-6*y/63. Calculate the highest common divisor of o and l.
15
Let p(l) = l**2 - l - 2. Let o be p(-2). Suppose 5*t - 213*q + 5 = -218*q, 5 = -t - 2*q. What is the greatest common divisor of t and o?
1
Suppose 47*k + 312 = 59*k. Let c = -59 - -137. Calculate the greatest common divisor of k and c.
26
Let h be (-719)/(-4) - (98/7)/(-56). What is the greatest common divisor of 1170 and h?
90
Suppose -58*a + 53*a + 4*o + 116 = 0, -4*a = -2*o - 94. Let v be 292/12 - (-1)/(-3). Let r = v + -12. What is the greatest common factor of r and a?
12
Let d(r) = -16*r**3 - r - 1. Let y be d(-1). Let w be 58 - (18/(-27) + 10/6). Suppose w*l - 60*l + 48 = 0. What is the greatest common divisor of l and y?
16
Let l be (266/2)/7 - 9. Calculate the highest common factor of l and 550.
10
Suppose -5*b + 364 + 356 = 0. Let v = -34 - -20. Let d = 2 - v. What is the greatest common factor of b and d?
16
Suppose -3*g - 147 = -5*u, g + 139 = -0*u + 5*u. Calculate the greatest common divisor of u and 297.
27
Suppose -l - 5 = 0, -5*l = -3*i - 0*l + 31. Calculate the greatest common factor of i and 10.
2
Suppose r + 12 = -r. Let i(l) = l**2 + 7*l + 3. Let s be i(r). Let f be ((-12)/s)/(-8)*-36. Calculate the highest common factor of f and 162.
18
Suppose -280*g + 277*g = -660. Let k(b) = 4*b**3 - 3*b**2 + b - 2. Let n be k(2). What is the greatest common divisor of g and n?
20
Let p be ((-3)/((-9)/(-447)))/(-3) - 200/120. Let l be 27/(-12)*(-8)/3. What is the greatest common divisor of p and l?
6
Let y(v) = -v**3 + 15*v**2 - 33*v - 11. Let k be y(12). Calculate the highest common factor of 100 and k.
25
Let q(j) = 3*j**3 + j**2. Let t be q(2). Let i be (6 + (-368)/24)*-33. Calculate the highest common factor of i and t.
28
Let b be (-40)/(-360) + ((-466)/(-18) - 1). Calculate the highest common divisor of 3200 and b.
25
Let t be (60/(-40))/(0 - (-1)/14). Let o = t - -25. Suppose 98 = 3*g - 2*s - 0*s, 4*g - 3*s - 129 = 0. Calculate the greatest common divisor of g and o.
4
Let v(s) = -s**2 - 8*s - 4. Let f be v(-7). Let l = -3 + 5. Let a = l - 0. What is the greatest common divisor of f and a?
1
Let u = 24 + -24. Suppose u = -18*r + 17*r + 84. Calculate the highest common factor of 28 and r.
28
Let y(u) = -u. Let r be y(2). Let l be r/((-1)/(14/4)). Let z = -81 + 158. What is the highest common factor of l and z?
7
Let u = 0 + 0. Suppose u = 120*s - 118*s - 8. What is the highest common factor of 4 and s?
4
Let x(b) = b**3 - 6*b**2 + 2*b + 6. Let p(n) = -n**2 - 9*n - 14. Let i be p(-4). Let f be x(i). Calculate the greatest common divisor of f and 72.
18
Let l be ((-68)/(-85))/(2/20). Let c = 7 - 6. What is the greatest common divisor of c and l?
1
Let c(j) = -62*j + 26. Let r be c(-2). Calculate the greatest common divisor of 50 and r.
50
Suppose -16 = -c - 3*c. Let p = 35 + -25. Calculate the highest common divisor of p and c.
2
Let w(k) = 3*k**2 + k - 21. Let d be w(-5). Calculate the greatest common factor of d and 294.
49
Let g = 12 + 0. What is the highest common factor of 324 and g?
12
Suppose -56*c + 57*c = 183. What is the highest common divisor of 61 and c?
61
Let i be (18/(-8))/((-30)/80). Suppose 19*f - 27